220752728?
5
What is the hundreds digit of 6473986389?
3
What is the thousands digit of 191766217?
6
What is the ten millions digit of 6909994367?
0
What is the hundred millions digit of 509621368?
5
What is the hundred thousands digit of 995968382?
9
What is the hundred thousands digit of 4563104332?
1
What is the units digit of 1345345063?
3
What is the millions digit of 5228726104?
8
What is the hundred thousands digit of 510568953?
5
What is the units digit of 43416214?
4
What is the units digit of 2077755088?
8
What is the thousands digit of 1523302450?
2
What is the hundred thousands digit of 38867933?
8
What is the millions digit of 863043566?
3
What is the ten thousands digit of 992162182?
6
What is the hundred thousands digit of 98493203?
4
What is the hundred thousands digit of 4861705488?
7
What is the hundred millions digit of 899522339?
8
What is the hundreds digit of 3477987733?
7
What is the millions digit of 68736492?
8
What is the ten millions digit of 57541342?
5
What is the hundred thousands digit of 1663086676?
0
What is the hundreds digit of 1790452765?
7
What is the millions digit of 862437953?
2
What is the hundreds digit of 14789444?
4
What is the thousands digit of 513374760?
4
What is the units digit of 550376147?
7
What is the ten thousands digit of 41514272?
1
What is the ten thousands digit of 31982283?
8
What is the tens digit of 3780446699?
9
What is the millions digit of 101785390?
1
What is the tens digit of 203687693?
9
What is the thousands digit of 81524336?
4
What is the tens digit of 79204408?
0
What is the ten thousands digit of 258691894?
9
What is the millions digit of 78689862?
8
What is the thousands digit of 153258375?
8
What is the units digit of 160567301?
1
What is the hundred thousands digit of 5618499534?
4
What is the thousands digit of 292064581?
4
What is the hundreds digit of 2226206356?
3
What is the units digit of 75536448?
8
What is the ten thousands digit of 196673431?
7
What is the millions digit of 26355206?
6
What is the hundred thousands digit of 8301186933?
1
What is the units digit of 106949724?
4
What is the ten millions digit of 31988216?
3
What is the millions digit of 335258664?
5
What is the hundred thousands digit of 187604487?
6
What is the hundreds digit of 48001543?
5
What is the ten thousands digit of 1060199074?
9
What is the tens digit of 276857252?
5
What is the hundreds digit of 1157305547?
5
What is the millions digit of 31452702?
1
What is the ten millions digit of 34968170?
3
What is the thousands digit of 165299760?
9
What is the hundred thousands digit of 15792208?
7
What is the billions digit of 1881787320?
1
What is the hundred thousands digit of 996003344?
0
What is the ten thousands digit of 59978066?
7
What is the hundreds digit of 331084046?
0
What is the hundred millions digit of 2771060061?
7
What is the hundred thousands digit of 1420555385?
5
What is the tens digit of 58836?
3
What is the hundred thousands digit of 1147082978?
0
What is the millions digit of 312619521?
2
What is the millions digit of 52609176?
2
What is the units digit of 34133233?
3
What is the ten millions digit of 87127979?
8
What is the units digit of 390368950?
0
What is the hundred thousands digit of 1217562805?
5
What is the hundred thousands digit of 415946074?
9
What is the hundreds digit of 19147442?
4
What is the millions digit of 75744557?
5
What is the units digit of 2851568439?
9
What is the hundreds digit of 80175510?
5
What is the units digit of 2384776101?
1
What is the ten thousands digit of 2786206053?
0
What is the hundred millions digit of 911279705?
9
What is the ten millions digit of 301513535?
0
What is the ten thousands digit of 88225606?
2
What is the hundred thousands digit of 1686225619?
2
What is the hundred millions digit of 869369831?
8
What is the ten millions digit of 686549652?
8
What is the hundreds digit of 445574068?
0
What is the thousands digit of 491345782?
5
What is the thousands digit of 3947748057?
8
What is the ten millions digit of 50274896?
5
What is the thousands digit of 224694301?
4
What is the tens digit of 6016252321?
2
What is the units digit of 448072277?
7
What is the thousands digit of 44887628?
7
What is the thousands digit of 106349585?
9
What is the units digit of 230520204?
4
What is the ten millions digit of 231671820?
3
What is the hundred millions digit of 321629404?
3
What is the hundred millions digit of 3120597817?
1
What is the ten millions digit of 1206047656?
0
What is the thousands digit of 506500276?
0
What is the units digit of 291528612?
2
What is the hundred millions digit of 1538628786?
5
What is the ten millions digit of 3162885324?
6
What is the units digit of 1306517952?
2
What is the hundreds digit of 852383710?
7
What is the hundreds digit of 1172949?
9
What is the hundreds digit of 25440099?
0
What is the thousands digit of 19968153?
8
What is the tens digit of 45797015?
1
What is the millions digit of 267311818?
7
What is the ten millions digit of 35335605?
3
What is the hundred millions digit of 100856360?
1
What is the hundreds digit of 248554555?
5
What is the hundred thousands digit of 668802828?
8
What is the tens digit of 331038928?
2
What is the hundred millions digit of 151394284?
1
What is the hundreds digit of 1828912226?
2
What is the ten millions digit of 866198893?
6
What is the ten thousands digit of 380662790?
6
What is the units digit of 31820398?
8
What is the units digit of 822774?
4
What is the hundred thousands digit of 265818593?
8
What is the hundreds digit of 372839018?
0
What is the thousands digit of 289916979?
6
What is the millions digit of 90142835?
0
What is the units digit of 108785677?
7
What is the tens digit of 55016475?
7
What is the ten thousands digit of 88767653?
6
What is the ten thousands digit of 476500607?
0
What is the hundred thousands digit of 1645482983?
4
What is the ten thousands digit of 14997876?
9
What is the tens digit of 787053415?
1
What is the ten millions digit of 6194561510?
9
What is the hundreds digit of 24159606?
6
What is the hundred thousands digit of 17582252?
5
What is the hundreds digit of 35187254?
2
What is the hundred millions digit of 263805175?
2
What is the hundred thousands digit of 588674251?
6
What is the millions digit of 188562193?
8
What is the ten millions digit of 952826812?
5
What is the ten thousands digit of 78983115?
8
What is the ten millions digit of 142951578?
4
What is the hundred thousands digit of 1978715325?
7
What is the hundred thousands digit of 1384872287?
8
What is the thousands digit of 51102571?
2
What is the units digit of 57159689?
9
What is the ten thousands digit of 806431165?
3
What is the thousands digit of 8883472619?
2
What is the hundreds digit of 96688262?
2
What is the units digit of 125995163?
3
What is the hundred millions digit of 119331432?
1
What is the tens digit of 2745710858?
5
What is the ten millions digit of 1614613614?
1
What is the hundreds digit of 2445915963?
9
What is the units digit of 166105572?
2
What is the hundred thousands digit of 200136825?
1
What is the hundreds digit of 432504237?
2
What is the thousands digit of 895740259?
0
What is the millions digit of 130492208?
0
What is the tens digit of 579876828?
2
What is the units digit of 180408202?
2
What is the ten thousands digit of 882550007?
5
What is the billions digit of 5158047730?
5
What is the ten millions digit of 14242913?
1
What is the thousands digit of 44954612?
4
What is the units digit of 1840959029?
9
What is the hundred millions digit of 425741163?
4
What is the millions digit of 34133527?
4
What is the millions digit of 155887788?
5
What is the units digit of 39583274?
4
What is the millions digit of 176402006?
6
What is the ten thousands digit of 987809373?
0
What is the ten thousands digit of 64995029?
9
What is the ten millions digit of 118043099?
1
What is the thousands digit of 426661839?
1
What is the millions digit of 548273944?
8
What is the hundred millions digit of 590124880?
5
What is the ten millions digit of 445444589?
4
What is the billions digit of 3107666201?
3
What is the tens digit of 31030914?
1
What is the millions digit of 183192573?
3
What is the hundreds digit of 167228404?
4
What is t